*2 + 5*b - 7. Let m(l) = -l**3 + 5*l**2 + 2*l - 4. Let s(v) = 7*m(v) - 3*n(v). What is s(5)?
-12
Let h(w) = w**3 + 7*w**2 + 5*w - 7. Let u(g) = g - 5. Let n be u(5). Let k(s) = -s**2 - 3*s + 20. Let o be k(-6). Suppose -4*c + o*c - 12 = n. Give h(c).
-1
Let d(q) = -3*q - 1. Let t(g) = 19*g + 7. Let i(l) = -7*l + 1. Let j = -8 - -9. Let n be i(j). Let m(f) = n*t(f) - 39*d(f). Give m(2).
3
Let u(p) = -12*p - 2. Let q(s) = s + 1. Let y(a) = -q(a) - u(a). Let j be -2*(1 - 3/2). Calculate y(j).
12
Let x(v) be the first derivative of -3/2*v**2 - 2*v + 1 + 1/3*v**3. What is x(5)?
8
Let m(f) = 5*f - 7. Let s(p) = 2*p - 4. Let c(y) = 3*m(y) - 7*s(y). Give c(-4).
3
Let k(o) = -23*o + 22*o - 17 + 13 - o**2. Determine k(-4).
-16
Suppose -5*q + 4*w + 36 = 0, -2*q + 2*w - 4 = 5*w. Suppose 13 + 3 = -q*b. Let t(s) = -4*s - 6. Calculate t(b).
10
Suppose -4*c = -4*u - 20, -5*c = -4*c + 5*u + 7. Let z(t) = -2*t**2 + 3*t + 2. Give z(c).
-7
Let h(i) = -5*i**3 - 4*i**2 - 4*i. Let k(l) = -6*l**3 - 4*l**2 - 5*l. Let z(y) = 4*h(y) - 3*k(y). What is z(-3)?
21
Let o(k) = k**2 + 3*k - 2. Let r be o(-3). Let i(b) = -b**2 - b - 2. Give i(r).
-4
Suppose -34 + 13 = 5*c - f, 12 = -2*c + 4*f. Let s(o) = o**2 + 6*o + 3. Determine s(c).
-5
Let b = 1 + 1. Let c(q) be the third derivative of -q**7/840 + q**6/90 - q**5/120 + q**3/6 - q**2. Let n(r) be the first derivative of c(r). Give n(b).
6
Let c = -7 + -3. Let v be (-10)/4*(-8)/c. Let q(k) = -1 - 3*k - k + 3*k. Calculate q(v).
1
Suppose 18 - 1 = 3*f + 5*a, -2*a = 3*f - 14. Let x(i) = -i + 7. Determine x(f).
3
Let n(s) = -2*s + 18. Let p be n(11). Let u(f) = -3*f - 4. What is u(p)?
8
Let u(m) be the third derivative of -m**4/24 + 3*m**3/2 - 3*m**2 + 7. Determine u(10).
-1
Let p(j) = -j**2 - 6*j + 4. Suppose 20 = -4*v, -4 = 2*g + 2*v - 4*v. What is p(g)?
-3
Let s(b) = -b**3 - 11*b**2 - 11*b - 5. Suppose 2*q + 24 = 4. What is s(q)?
5
Let p(m) = m**2 + 9*m + 6. Let r(i) = i - 2. Let z be r(-7). Let c be p(z). Suppose 3*u + 3 = -c. Let q(j) = j**2 + 2*j. What is q(u)?
3
Let d(f) = f - 8. Let a = 74 - 68. Give d(a).
-2
Let d(b) = b - 8. Suppose 30 = -t + 6*t. Determine d(t).
-2
Let k(a) = -4*a + 10. Let w(z) = -5*z + 10. Let r(l) = 4*k(l) - 3*w(l). Calculate r(7).
3
Let h(c) = c**2 + 7*c + 4. Suppose 3*s - 3*a + 21 = 0, -5 - 4 = s - 3*a. Calculate h(s).
-2
Let x be 2*(15/(-6) + 1). Let k be x*(14/(-6) + 3). Let u(t) = -1 + 2 + 5*t - 4*t. Calculate u(k).
-1
Let f(r) = r**2 + r + 1. Let t(i) = -3*i**2 - 4*i + 2. Let q(v) = -2*f(v) - t(v). Let u be ((-4)/3 - 0)*3. What is q(u)?
4
Let m = 0 + 5. Let i(f) = -4*f - f**2 + m*f**2 + 6 - 3*f**2. Calculate i(4).
6
Suppose r - 3 = -7. Let a be r/8*2*2. Let q(k) = 13*k**2 - 5*k + 13. Let s(l) = 3*l**2 - l + 3. Let c(o) = 2*q(o) - 9*s(o). Determine c(a).
-3
Let j = -10 + 11. Let r(h) = -3*h**2 + 1. Calculate r(j).
-2
Let d(s) = 12*s**2 - 2*s - 1. Suppose -l = -a - 1, -a - 8 = 4*l + a. Give d(l).
13
Suppose 5*n = 2*h + 33 - 10, h = -5*n + 11. Let b(o) be the third derivative of 1/24*o**4 + 0 + 3*o**2 + 1/2*o**3 + 0*o. What is b(n)?
6
Let u(a) be the second derivative of a**3/6 - 3*a**2 - 13*a. Determine u(5).
-1
Let y(u) = 4*u**2 + 5*u + 1. Let z(s) = -3*s**2 - 5*s - 2. Let p(w) = -2*y(w) - 3*z(w). Let t(n) = -3 - 2*n + n + 4 + 6. Let q be t(11). What is p(q)?
0
Suppose -3*k - 10 = -7*g + 6*g, -2*k - 10 = -4*g. Let x(w) be the first derivative of w - g + 1/3*w**3 + 2*w**2. Calculate x(-4).
1
Suppose -5 = -2*p + 3. Let x(h) = h**3 - 5*h**2 + 5*h - 6. Give x(p).
-2
Let x(j) = 0*j - j + 3 - 4. Let t be (-76)/(-18) - (-16)/(-72). Give x(t).
-5
Let z(a) be the second derivative of -a**4/12 + a**3 + 3*a**2 + 7*a. Let f(s) = -s**3 + 9*s**2 + 6. Let l be f(9). Calculate z(l).
6
Let k(y) = y + 3 + y**2 - 6*y + y. Let w be (33/(-22))/(3/(-10)). Give k(w).
8
Suppose 0 = 5*z - 0*v + 4*v + 12, 0 = -3*v + 6. Let n(a) = -a**2 - 5*a + 1. Calculate n(z).
5
Let p(o) be the first derivative of -o**2/2 - 8*o - 21. Calculate p(8).
-16
Let p(y) be the second derivative of y**2 + 1/6*y**3 + 0 + 2*y - 1/24*y**4 - 1/30*y**5. Let m(s) be the first derivative of p(s). Give m(-2).
-5
Let m(d) = 10*d**2 - d. Suppose 0 = 17*q - 12*q + 5. Calculate m(q).
11
Let j be 2/(-11) + 948/132. Let n(l) = -l**3 + 6*l**2 + 7*l + 4. Give n(j).
4
Let a = 5 - 2. Suppose -6 = 2*m + n - 3*n, a*n = 2*m + 9. Let w(k) = 2*k**2 - k - 5. Let b(v) = -3*v**2 + 2*v + 9. Let q(i) = -3*b(i) - 5*w(i). What is q(m)?
-2
Let i(h) = -h - 4*h - 2*h + h**2 + 0*h. What is i(6)?
-6
Let z(a) = a - 1. Let m = -12 + 13. Give z(m).
0
Let q(f) be the second derivative of -f**4/12 - 2*f**3/3 - 3*f**2/2 - 4*f. Determine q(-4).
-3
Suppose 14 = l + 5*c - 5, 0 = l - c + 11. Let p(w) = w**2 + 8*w + 8. What is p(l)?
-4
Let c(h) = h + 14 - 13 + 16. What is c(0)?
17
Let v(f) = -f - 1. Let i(o) = -o. Let u(p) = p**3 - 7*p**2 + 2*p - 10. Let s be u(7). Suppose -h - s = 3*h. Let x(c) = h*v(c) + 2*i(c). What is x(2)?
-1
Suppose 0 = 2*m - 0*m - 5*j - 24, -2*m - j + 12 = 0. Let l(k) = -k + 3 + m + 6*k - 6*k. Calculate l(0).
10
Suppose 3*b + 4*q = -0*b, -b + 1 = q. Let t(w) = -w**3 + 3*w**2 + 6*w - 5. What is t(b)?
3
Let v(q) = 2*q**2 - 4*q + 5. Let g(m) = -4*m**2 + 8*m - 11. Let t(r) = 2*g(r) + 5*v(r). Give t(2).
3
Let n(w) be the third derivative of w**8/20160 - w**7/720 + w**6/360 - w**5/15 + 3*w**2. Let r(h) be the third derivative of n(h). Determine r(7).
2
Let c(r) = -r + 1. Let v(h) = -5*h + 7. Let m(a) = 6*c(a) - v(a). Let y be -1 + 0 - (5 + -5). Let n(f) = 11*f + 7. Let p(k) = y*n(k) - 6*m(k). Determine p(1).
-6
Let g(p) = 0 - 2 + 7*p - 2 - p**2. Let u(r) = -2*r + 19. Let k be u(7). Determine g(k).
6
Let y(u) = -9*u - 3. Let n = 50 + -52. Determine y(n).
15
Let a(u) be the second derivative of u**5/20 - u**4/2 + 5*u**3/6 + 3*u**2/2 - 10*u. What is a(5)?
3
Let j be 78/12 - (-1)/(-2). Suppose -2*p = -j*p. Let r(m) = -4*m**2 + 4 + p*m**2 + 3*m**2 + 2*m**2 - 3*m. Determine r(4).
8
Let n be (-4 - -3)*18/3. Let i(r) = -2*r - 9. Let f(w) = w - 2. Let u be f(-4). Let d(s) = s + 4. Let m(b) = u*i(b) - 11*d(b). Give m(n).
4
Let n(b) = -4*b + 11*b + 1 + 0*b**2 + b + b**2. Calculate n(-7).
-6
Let b(l) = l**2 + 6*l + 6. Let x be b(-5). Let i(p) = -85*p**2 + x - p**3 + p + 83*p**2 + 3*p. Give i(-3).
-2
Let p(l) = 8 + 6*l + 0*l + 3 - 7 - l**2. Calculate p(6).
4
Let d(v) = -v**2 - 5*v + 1. Let q(m) = m. Let p be q(0). Suppose l + 5 = -p*l. Calculate d(l).
1
Let t = 2 - -1. Suppose 2*s + 9 = -t. Let h(p) = -p**3 - 6*p**2 + 3*p + 9. What is h(s)?
-9
Let g(r) = r**2 + 5*r + 3. Suppose c - 12 = -0*c + 2*y, 4*y + 16 = 0. Suppose -7*l - 12 = -c*l. Determine g(l).
-1
Let z(a) be the first derivative of -a**2/2 - a - 22. Let s(m) = m**2 + 4*m + 3. Let d be s(-2). Determine z(d).
0
Let k be (-8)/5 + 8/(-20). Suppose 0 = 4*i - 4*p - 32, -p - 13 = -3*i + 1. Let o(g) = -g**2 - 4*g - 6 + 3 + g**2 + g**i. What is o(k)?
-3
Let n = -5 - -8. Let u(b) = -n*b - 5*b**2 - 8*b + 4*b + b**3. Determine u(6).
-6
Suppose 87 = 5*d - 4*l, -2*l + 6*l = -12. Suppose r - 4*i = -d, -4*r - i - 3*i = 0. Let a(q) = -q**3 - 3*q**2 - 3*q - 1. What is a(r)?
8
Let t be (-6)/(-15) + (-26)/(-10). Let o(l) = -8*l + l**t - l + 4 + 3*l - 5 + 5*l**2. Determine o(-6).
-1
Let l be (-3)/6*(-8)/2. Let c(r) = 4*r + 1. What is c(l)?
9
Let o(q) = -4*q**2 - 5*q + 4. Suppose 4*m - 58 + 14 = 0. Let n = 4 - m. Let s(r) = -9*r**2 - 11*r + 9. Let b(c) = n*o(c) + 3*s(c). Calculate b(-4).
7
Let q(k) be the second derivative of -k**3/3 + k**2/2 - k. Let p(d) = -d**2 + 5*d + 3. Let t be p(5). Give q(t).
-5
Let s = 8 + -3. Let g(p) = 4*p - 24. Let j(i) = -i + 6. Let h = 5 - 7. Let b(a) = h*g(a) - 9*j(a). Calculate b(s).
-1
Let v(y) = 30 - 3*y + 27 - 47. What is v(7)?
-11
Let g(b) = 0 + 3 + 1 + 7*b + b**2 - 2. Suppose 2*h - 30 = 5*d, 6 = -3*d - 2*h - 12. Give g(d).
-4
Let g(v) = 6*v - 19. Let m(d) be the third derivative of d**4/24 - 2*d**3/3 + 7*d**2. Let p(u) = -2*g(u) + 11*m(u). Calculate p(0).
-6
Let r(a) = -6*a - 1. Suppose i - g = -3, -1 - 1 = 2*i - g. Calculate r(i).
-7
Let p(j) = j - 5. Let g be p(4). Let v(f) = 8*f**2 + f + 1. Give v(g).
8
Let s(t) = 6 - 7*t**2 - t**3 + 190*t - 383*t + 186*t. What is s(-6)?
12
Let b be ((-8)/(-6))/((-2)/(-3)). Let n be (4 + 0 + -2)*b. Let u(g) = -7. Let q(l) = -l - 1. Let x(k) = 2*q(k) - u(k). What is x(n